 -40*v = -69*v - 70*v. Determine j(v).
-3
Let f(y) = -2*y - 2. Suppose 8*z = -34 - 46. Let i = -12 - z. Calculate f(i).
2
Let s be -1 + 1 - (5 + 1). Let n(d) = -d**2 - 13*d - 21. Let y be n(-10). Let i(z) = 3*z + 7 - y - 2*z. Give i(s).
-8
Let t be 1 + -1 - (-35 + -3). Suppose -5*q - 5*j = -17 - t, j = 4. Let k(o) = o - q*o + 6 - o + o**2. Determine k(6).
0
Let s(m) be the first derivative of -2/3*m**3 + 3/2*m**2 + 15 - m. Give s(2).
-3
Let l(t) = t**3 - 3*t**2 + 3. Let x be l(3). Let j be (640/12)/(-5)*x. Let w be (-7)/(28/j) - 3. Let f(d) = d**2 - 4*d. What is f(w)?
5
Let t(k) = 5*k**2 + 3*k + 5. Let b(m) = 6*m**2 + 4*m + 7. Let r(a) = -3*b(a) + 4*t(a). Determine r(-1).
1
Suppose -111*q = -118*q + 7. Let s(m) be the second derivative of m**4/3 - m**3/6 - 2*m. Give s(q).
3
Let a(i) = -30*i**3 - 27*i**2 - 14*i + 11. Let o(h) = 13*h**3 + 13*h**2 + 7*h - 6. Let q(w) = -3*a(w) - 7*o(w). Let p = 3 + -12. Give q(p).
-9
Let b(a) be the first derivative of a**3/6 - a**2 + 8*a - 12. Let d(l) be the first derivative of b(l). Determine d(-6).
-8
Let g(x) = -7 + x**2 + 0*x**2 + x**3 - 3. Let n(d) = -d**2 + 6*d + 1. Let k be n(5). Let l = k - 6. What is g(l)?
-10
Let w(o) = o + 25. Let n be w(-20). Suppose 0 = -i + 2*k + 6, -n*k - 15 = -4*i + 9*i. Let q(z) = z**2 + 14. Determine q(i).
14
Suppose 5*y = -39*x + 37*x + 16, -4*y - 4*x + 8 = 0. Let z(r) = -r**2 + r - 1. Let n(c) = 5*c**2 - 7*c - 1. Let w(k) = -n(k) - 4*z(k). Calculate w(y).
1
Let w(q) = -2*q**2 + 7*q - 4. Let p be w(4). Let o = 13 + p. Let g(a) = 6*a**2 + 1 + 3*a**2 - 31*a**2 + 6*a + 10*a**2 + 11*a**2. Determine g(o).
6
Let q = -14 - -8. Let h(a) be the second derivative of -a**5/20 - 7*a**4/12 - a**3 + 3*a**2 + 22*a + 1. What is h(q)?
6
Suppose 3*q = 2 + 1. Suppose -k + q = -4. Let l be (-3)/1 + (6 - k). Let p(d) = d**2 - 3*d - 3. What is p(l)?
7
Let b(a) = 17*a**2 + a - 1. Let w(f) = -11*f - 76. Let g be w(-7). What is b(g)?
17
Let h(z) = 1. Let p(v) = v + 9. Let g(j) = -2*h(j) + p(j). Suppose 8*c - 9 = 2*w + 9*c, -4*w - c = 21. Calculate g(w).
1
Let v(j) = -j**3 + 2*j**2 + 2*j - 1. Let i(y) be the first derivative of y**3/3 + 19*y**2/2 + 37*y - 12. Let p be i(-17). Calculate v(p).
-4
Suppose 3*k - 6*k + 36 = 0. Suppose -k = -4*b - 32. Let x(p) = 6 + 3 + p**2 - 2 + 5*p. Calculate x(b).
7
Let y(h) = -h**2 + 0*h - 3*h + 8*h + 2 + 2*h. Let d be y(5). Suppose -v + d = v. Let o(f) = f**3 - 5*f**2 - 6*f + 2. What is o(v)?
2
Let j(r) = -r - 1. Let n = 23 + -23. Suppose 0 = -3*h, -4*x + 24 = -n*h - h. Suppose x*k = k - 5. Calculate j(k).
0
Let j = -21 - -27. Let l(p) = j*p + p**2 + 9*p - 1 - 16*p. What is l(-2)?
5
Let z(m) = -m**2 + 4*m + 14. Suppose 84 = -3*f + 102. Calculate z(f).
2
Let y(c) = -c**3 + 9*c**2 + 2*c + 10. Let t = 1109 + -1100. Give y(t).
28
Let d = -8 + -6. Let o = -1 - d. Let l = o + -12. Let t(a) = -2*a**2 - a + 1. What is t(l)?
-2
Let h(b) be the third derivative of 0*b - 5/24*b**4 - 48*b**2 - 1/2*b**3 + 0. Give h(-4).
17
Let x(w) = w**3 - 16*w**2 - 15*w - 26. Let n be x(17). Let z(y) = -y + 8. What is z(n)?
0
Suppose 0 = -3*h + h + 4*a + 2, -h + 4*a + 1 = 0. Let p(u) be the second derivative of 3/20*u**5 + 1/3*u**3 - 1/2*u**2 - 1/12*u**4 + 0 + u. Calculate p(h).
3
Let s(o) = o - 19. Let y = -9 - -10. Let l be (0/(-3))/(-1 - y). What is s(l)?
-19
Suppose 10 = 5*l + 2*k, 5*k + 21 = -5*l + 4*l. Suppose -3*g - l*f + 35 = 0, 5*g - 2*f = -5*f + 40. Let q(h) = -h**2 + 6*h. Give q(g).
5
Let x(p) = -p**3 - 11*p**2 + 12*p + 2. Let c(y) = -2*y. Let n be c(6). Let r be x(n). Let s(t) = -2*t - 3 - 1 - r + 2. Determine s(-3).
2
Let a(h) = 5*h**2 - h**3 + 4 + 2*h + h + 2 - 11. Determine a(5).
10
Let z(n) = -3*n**3 - 20*n**2 + 11*n - 20. Let f(c) = -c**3 - 7*c**2 + 4*c - 7. Let o(y) = 17*f(y) - 6*z(y). What is o(-1)?
-1
Let o be ((-4)/6)/((-8)/60). Suppose -o*c + 228 - 78 = 5*m, -2*c = m - 26. Let n(q) = -m + 34 - 5*q**2. Determine n(1).
-5
Suppose 10 = -2*h + 4*t + 50, -2*h - 2*t = -16. Suppose h = 3*p + p. Suppose v + 1 = -o, 2*v = -2*o - p*o + 10. Let u(i) = 3*i + 5. Give u(v).
-10
Let i(c) = -c + 2. Let q(p) = -3*p + 9. Let d(o) = 5*i(o) - q(o). Determine d(-6).
13
Suppose 0 = -4*z - 143 - 45. Let o = z + 46. Let k(r) = -11*r**2 + 2*r + 1. What is k(o)?
-12
Let s be (1 - -3*11/(-6))*-2. Let p(w) = -2*w - 2. Calculate p(s).
-20
Let p(s) be the second derivative of s**4/12 + s**3/6 + 3*s**2/2 - 65*s - 2. What is p(-4)?
15
Let o(i) be the first derivative of -i**6/360 - i**5/24 + 7*i**4/24 + 6*i**3 - 8. Let q(g) be the third derivative of o(g). What is q(-5)?
7
Let m(b) = -3*b**2. Let u be m(-2). Let q be (-2)/u + (-33)/(-18). Let x(k) = 6 - 2 - q*k + 6*k - 3. Determine x(-2).
-7
Let a = -566 - -570. Let r(i) = -7*i + 12. Determine r(a).
-16
Let y(z) = -4*z**3 + 8*z**2 - 3. Let a(k) = -3*k**3 + 9*k**2 - 4. Let n(b) = 3*a(b) - 2*y(b). Determine n(11).
-6
Let l(s) = s**3 + 70 - 2*s**3 - 99. Calculate l(0).
-29
Let h(p) be the first derivative of -5*p**3/3 + p**2 + p + 311. Calculate h(-3).
-50
Let o = 5 - 0. Suppose 14 = -o*y + 14. Let x(z) = 2*z**2 + 3*z**2 - 4*z**2 - 1. Calculate x(y).
-1
Suppose -2*z - 11 - 41 = -5*n, -2*n = z + 35. Let c = z - -26. Let q(i) = -2*i - 7. Calculate q(c).
3
Let f(h) = -h**3 + 6*h**2 + 7*h + 1. Suppose 32 = 5*v - 4*a - 23, 0 = -5*v - 5*a + 10. Give f(v).
1
Let q(l) be the third derivative of l**5/60 + l**3/3 - 48*l**2 - 2*l. Calculate q(-4).
18
Let v(h) = 7*h**3 + 2*h**2 - 3*h - 4. Let t be v(-1). Let f(m) = -m**2 - 7*m - 10. Give f(t).
-4
Let s be (-1)/2 - 7/2. Let f(g) = -2*g**2 + 7. Let i(l) = -3*l**2 - l + 8. Let y(d) = s*f(d) + 3*i(d). Let o = 89 - 92. What is y(o)?
-4
Let s(f) be the second derivative of -1/12*f**4 + 0 + 45*f - 1/20*f**5 + 0*f**3 + 7/2*f**2. Determine s(0).
7
Let m(h) = 14 - 4*h + 13 + 22 - 45. Determine m(4).
-12
Let q(n) = 5*n**2 + 2. Let j(h) = -5*h + h + h + 58. Let x be j(20). Determine q(x).
22
Let s be -1*1 - (-10 - -15). Let h(p) = -p**3 - 8*p**2 - 10*p - 7. Calculate h(s).
-19
Let o(w) = 16*w + 22. Let n(f) = 7*f + 11. Let b(y) = 5*n(y) - 2*o(y). Give b(-6).
-7
Let z = -5 + 7. Let j(i) be the first derivative of -i**2 - 3*i - i**2 - 3 + 0*i**z + i**2. Determine j(-2).
1
Let c(k) = k**3 - 7*k**2 - 8*k + 4. Let y = -14 + 22. Determine c(y).
4
Suppose 4*h - 5*q = -h - 25, -2*q + 3 = 5*h. Let v(g) = 7*g**3 + 2*g + 1. Calculate v(h).
-8
Let s(o) = -o - 18. Let f be s(-23). Let a(t) = -2 - 2 + f + 0 - 4*t. Calculate a(-2).
9
Let p(n) = -4*n**2 + 4. Let q(i) = i**2 + 2*i + 1. Let h(j) = p(j) + 3*q(j). What is h(8)?
-9
Let v(b) be the second derivative of b**4/12 - 7*b**3/6 + 5*b**2/2 + 2*b. Suppose 6*l - 2*l = 76. Let d = l + -13. Determine v(d).
-1
Suppose 6 = 2*p + p. Suppose -p*z = 26 - 20. Let v(j) = 2*j. Let b(t) = -3*t. Let d(i) = 4*b(i) + 5*v(i). What is d(z)?
6
Let m(y) = -3*y - 46. Let f be m(-20). Let z be (39 + -43)*f/(-8). Let u(r) = -r + 7. Calculate u(z).
0
Let o(u) be the first derivative of -1/2*u**2 + 0*u + 10/3*u**3 + 23. What is o(1)?
9
Let j(x) = 5*x**3 + 7*x**2 - 12*x + 2. Let v(a) = 0*a**2 + a - 9*a**3 + 16*a + 6*a - 14*a**2 - 4. Let p(k) = -11*j(k) - 6*v(k). Give p(6).
2
Let a(j) = 2*j - 9. Suppose 4*z + 3 = -f - 4, -3*f - 4*z + 11 = 0. Determine a(f).
9
Let x(c) = 0*c + 7*c + 2*c. Suppose -23 = -6*r - 233. Let n = r + 36. Determine x(n).
9
Let a(b) = b**2 + 9 + 0*b - b - 5*b. Suppose -5*j = -5, -4*f + f + j + 29 = 0. Let g(d) = d**2 - 8*d - 14. Let r be g(f). Determine a(r).
9
Suppose -5*x + x = 0. Suppose -4*h = b - 21, -1 = -b - x*h + h. Let s(g) = -2*g - 3*g + 4*g + b*g. Calculate s(2).
8
Let r be (-26)/10 + (-6)/15. Let y(g) = g**2 + 5*g + 3. Give y(r).
-3
Let n(m) = m**3 - 9*m**2 + m - 18. Suppose 4*i - 35 = w - 2*w, 4*w + 49 = 5*i. Calculate n(i).
-9
Let z(r) = r**3 - 12*r**2 + 11*r + 6. Let f(c) = -c**2 - 4*c + 11. Let o be f(-4). Calculate z(o).
6
Let v(h) be the first derivative of h + 1/4*h**4 - 14 + 4/3*h**3 + 2*h**2. What is v(-3)?
-2
Suppose 4*o = -2*u, -17*o = -3*u - 20*o. Let a(k) = -k**3 - k**2 + k + 59. Calculate a(u).
59
Suppose -b - 25 = -6*b. Let d(s) = -9 + 5 + b + s. What is d(-2)?
-1
Let w(c) = 4*c + 2. Suppose 10*f = -2*f + 36. What is w(f)?
14
Let h(d) be the first derivative of d**5/20 + d**4/8 + d**3/6 + 3*d**2/2 + 3. Let n(c) be the second derivative of h(c). Suppose -2 = -3*l - 8. 